10 + -239. List the prime factors of b.
3, 19
What are the prime factors of 7 + (-48)/8 + (-3 - -54)?
2, 13
Let d(h) = h**3 + 2*h**2 - 8*h - 10. Let u be d(-5). Let n = u - -167. List the prime factors of n.
2, 61
Suppose 0 = 9*l - l - 30848. What are the prime factors of l?
2, 241
Suppose -938*n + 929*n + 27126 = 0. List the prime factors of n.
2, 11, 137
Suppose 24*w - 28563 - 48117 = 0. List the prime factors of w.
3, 5, 71
Let n be 120/((-3)/9 - 0). What are the prime factors of (n/(-96))/((-2)/(-24))?
3, 5
Suppose 2*x + 64 = -l + 5*x, -138 = 2*l - x. List the prime factors of (3 - l/(-22)) + (-90)/(-11).
2
What are the prime factors of -64*((-198)/11 + -5)?
2, 23
Let j(i) = 15*i**3 - 31*i**2 + i - 14. Let u(d) = 8*d**3 - 16*d**2 + d - 7. Let b(x) = 6*j(x) - 11*u(x). What are the prime factors of b(7)?
2, 7, 11
Let i = -4 - 10. Let j(r) be the second derivative of r**3/6 + 21*r**2/2 - 69*r. List the prime factors of j(i).
7
Suppose 4*r + 2*r - 36 = 0. Let x = r + 14. What are the prime factors of x?
2, 5
Suppose -7 + 2 = o, -4*o - 272 = 2*x. Let d = -40 - x. What are the prime factors of d?
2, 43
Suppose -4*u + 5 = -3*u. Suppose -u*c = 4*z - 99, c = -z + 4*c + 29. List the prime factors of z.
2, 13
Let p(n) = -2*n - 34. Let y be p(-14). Let q(z) = z**2 + 4*z. Let h be q(-7). What are the prime factors of ((-2)/1)/(y/h)?
7
Suppose -138 = -3*c - 36. Suppose 2*j - c = p, 3*p + 2*p - 10 = -2*j. Suppose 3*o - j = 0, -x = -3*o + 2 + 3. What are the prime factors of x?
2, 5
Let u be (-1 - 0)/((8/(-15))/(-8)). What are the prime factors of (-1)/3 - 1025/u?
2, 17
Let i = 630 - 1013. Let r = i - -581. What are the prime factors of r?
2, 3, 11
Let z(q) = 21*q - 1. Let l be z(-5). List the prime factors of (-2)/2 - (l + 1).
2, 13
Suppose 6*h - 9*h = -21. Suppose -1275 = -h*g + 2*g. What are the prime factors of g?
3, 5, 17
Suppose -3*n = -2*n - 32. Let m = 31 - n. Let h = m - -3. List the prime factors of h.
2
Let o(v) be the second derivative of 19*v**3/2 - v**2/2 - 6*v. What are the prime factors of o(1)?
2, 7
Let b(x) = -5*x + 9. Let t(n) = -2*n + 3. Let j(q) = -4*b(q) + 11*t(q). What are the prime factors of j(-6)?
3
Suppose 118*s + 7777 = 121*s - 5*a, -5*a = -4*s + 10376. What are the prime factors of s?
23, 113
Let x be 169*(4 - (-3)/(-1)) + 1. Suppose -9*u = -14*u + x. List the prime factors of u.
2, 17
Let o(j) = -j + 9. Let f be o(7). Suppose -3*m + 9 = -2*u, -u + f*m - 3 = -m. List the prime factors of 40/(-6)*9/u.
2, 5
Let s(p) = p. Let j(a) = -3*a - 19. Let g be 4 - -4*6/(-8). Let c(x) = g*j(x) - 2*s(x). List the prime factors of c(-6).
11
Suppose 5 + 45 = s. Let m = s + 10. List the prime factors of m.
2, 3, 5
Let d be (-2 - -5) + -3 + 3. Suppose d*g - 8*g - 85 = 0. What are the prime factors of g*((-3 - 0) + 2)?
17
Suppose 3388 = 84*w - 81*w - 5*h, -w + 1140 = h. What are the prime factors of w?
2, 71
Suppose -3*f - 20 = -8*f. Suppose 43 = u - 6*s + 2*s, f*s = 4*u - 124. List the prime factors of u.
3
Let p be (1 - -1) + -11 + 13. Let x be (-116)/(p/2 - 4). Let d = -18 + x. What are the prime factors of d?
2, 5
Suppose 0 = 4*d - 5 + 25, 3*z - 348 = -3*d. List the prime factors of z.
11
Let s = -20 + 16. List the prime factors of s/(3 + (-212)/68).
2, 17
Let k(j) = 4*j + 6. Let t be 1/3 - (-1 - -2)/3. What are the prime factors of k(t)?
2, 3
Let c = -1668 - -3864. List the prime factors of c.
2, 3, 61
Let v = 30 + 244. Suppose -3*t + v = 4*n, 0*n + 4*t = -4*n + 272. What are the prime factors of n?
2, 5, 7
Let x(o) = 334*o - 641. List the prime factors of x(7).
1697
Let y = -5136 + 7359. What are the prime factors of y?
3, 13, 19
Let s(l) = -14*l + 9. Let r(h) = 28*h - 19. Let o(t) = -6*r(t) - 11*s(t). What are the prime factors of o(-5)?
5, 17
Let a(f) = 518*f - 10. List the prime factors of a(1).
2, 127
Suppose -8709 = -13*k + 5955. List the prime factors of k.
2, 3, 47
Suppose 44*q = 46*q - 4. Suppose 4*n - 5*n + 4 = 0, q*w - 2*n = 24. What are the prime factors of w?
2
What are the prime factors of 22/(-4)*-1*(1 - -157)?
11, 79
Let f be (4 + (-98)/(-6))/((-2)/(-6)). Suppose 2 + f = 3*d. What are the prime factors of d?
3, 7
Let w(d) = -4*d + 52. Let g be w(-18). Let a = -65 + g. What are the prime factors of a?
59
Suppose s - 18 = -2*s - 5*z, -z = 2*s - 12. Suppose 0*b - 3*u + 39 = 3*b, -3*b + 4*u + 67 = 0. Let d = b - s. List the prime factors of d.
11
Suppose j - 1754 = 5*v, -3*v - 463 = 3*j + 593. Let p = v - -558. What are the prime factors of p?
3, 23
Let p = 1340 + -752. List the prime factors of p.
2, 3, 7
Let h = 127 - 62. Suppose 4*s = -2*a + 132, h = a + s - 5. What are the prime factors of a?
2, 37
Suppose 4*n = -n. Suppose -f - 4*c + 96 = n, 0*c = f - 4*c - 120. List the prime factors of f.
2, 3
Let w = 546 + 940. List the prime factors of w.
2, 743
Let l(t) = t**3 - 21*t**2 - 75*t - 13. What are the prime factors of l(25)?
2, 3, 17
Suppose 3*d - 5*p - 28 = 0, 3*p + 2 = -4*d - 9. Let n(r) = 7*r + d + r**2 + 7 + 0. What are the prime factors of n(-9)?
2, 13
List the prime factors of (-3)/(6 + (-22555)/2255 - -4).
3, 11, 41
Let o be 10 + (-1 - (-2 + 4)). Suppose -o*c - 12 = -c. List the prime factors of c/5 + (-603)/(-45).
13
Let o(b) = -b**3 - 14*b**2 - 24*b - 5. Let i be o(-10). Let g = i + 276. List the prime factors of g.
3, 37
Suppose -2*u - 3*s - 41 = 0, 3*u = -4*s + 5*s - 56. What are the prime factors of (u - -14) + -1 + 90?
2, 3, 7
Suppose 5*b + p + 56 = 0, 0 = -2*b + 3*p - 43 + 7. Let f be 3 - (-3)/b*0. Suppose -6*h + 3*h + 4*g = -94, h = f*g + 38. What are the prime factors of h?
2, 13
Let g be (-5 - 2/2)*3. Let q = 36 + g. List the prime factors of (-475)/(-30) - (-3)/q.
2
Let j = 1317 + -857. List the prime factors of j.
2, 5, 23
Suppose -16*u = u - 1972. What are the prime factors of u?
2, 29
Suppose 4*g + 21 - 33 = 0. Suppose w + 4*m = 44, g*w - 3*m = 2*w + 37. List the prime factors of w.
2, 5
Let n(m) be the third derivative of 0*m - 1/120*m**6 - 7/3*m**3 + 2*m**2 - 11/60*m**5 - 13/24*m**4 + 0. List the prime factors of n(-10).
2
Let y(g) = 92*g**2 - 5*g + 8. What are the prime factors of y(-3)?
23, 37
Let i = -90 - -97. List the prime factors of 0 + 2/i + (-7445)/(-35).
3, 71
Let n(x) = 19*x**2 + 9*x - 34. Let s(v) = 10*v**2 + 5*v - 17. Let b(i) = 6*n(i) - 11*s(i). What are the prime factors of b(5)?
2, 3, 13
Let f be -481*(-4)/(-1 - 3). Let c = -291 - f. List the prime factors of c.
2, 5, 19
Let a = 84 + -6. What are the prime factors of (a/9)/((-14)/(-63))?
3, 13
Let s(j) be the third derivative of -j**6/120 - 7*j**5/60 + j**4/4 + j**3 - 15*j**2. List the prime factors of s(-8).
2, 11
Suppose -7*m + 2 + 264 = 0. Suppose -34*p + m*p - 164 = 0. List the prime factors of p.
41
Let t(x) = x**3 - 6*x**2 - 3*x - 7. Let w be 15/(-2)*(-12)/(-18). Let d be (-1)/w - 34/(-5). What are the prime factors of t(d)?
3, 7
Suppose 0 = f - 4*y + 14, -4*f + 9*y - 1 = 4*y. Let d(i) = 18*i + 30. List the prime factors of d(f).
2, 3, 23
Let f(y) = -3*y - 4*y**2 + 2*y + 3 - 1 + y**3. Let r be f(3). Let p(a) = -a**2 - 13*a - 14. What are the prime factors of p(r)?
2
Let t(s) = s**2 - 16*s - 39. List the prime factors of t(-9).
2, 3, 31
Suppose -10*s = 18 + 2. Let x(u) = -10*u**3 + u**2 + 3*u. List the prime factors of x(s).
2, 3, 13
Let v(q) = q**3 - 8*q**2 - 6*q + 25. List the prime factors of v(15).
2, 5, 151
Suppose 31 - 11 = 4*q. Suppose -4*j = -q*j + 66. List the prime factors of j.
2, 3, 11
Let h be (((-4)/(-6))/((-20)/30))/(-1). What are the prime factors of h/((6/(-98))/(-3))?
7
Let j = 49 - 44. Suppose 0 = 2*v + 5*d - 95, j*v - 5*d + 11 = 266. What are the prime factors of v?
2, 5
Let r(s) = 15*s. Let u be r(1). Let h = u - 12. Suppose -33 - 45 = -h*k. What are the prime factors of k?
2, 13
Let h = -16 - -1. Let v = -37 - h. Let p = v - -42. What are the prime factors of p?
2, 5
Suppose 3*m - 3*u - u - 1 = 0, -2*u = -2*m + 2. Suppose -35 = 2*v - m*v. What are the prime factors of v?
5, 7
Suppose 0*j - 3*j - 204 = -4*l, 3*j + 222 = -2*l. Suppose 18 = -t - 132. Let u = j - t. What are the prime factors of u?
2, 3, 13
Let g(m) = -m**3 - 7*m**2 + 9*m + 11. Suppose 0 = 3*p - 6*p - 24. Let y be g(p). List the prime factors of (-2)/y - (-268)/6.
2, 11
Suppose -5*z + y = -1849, 735 = 2*z - 4*y - y. Suppose z + 1980 = 10*u. 